inder when m is divided by t.
2
Suppose -x - 5 + 8 = 0. What is the remainder when 23 is divided by x?
2
Suppose -2*d - d + 63 = 0. Suppose -p - w + 7 = 0, -d = -0*p - 3*p - w. What is the remainder when 27 is divided by p?
6
Let s(f) = 18*f. Let n be s(1). Suppose -5*h - p = 0, -3*p - p + n = 2*h. Calculate the remainder when 35 is divided by (-39)/(-3) - (0 - h).
11
Suppose 45*z + 35 = 46*z. Calculate the remainder when 68 is divided by z.
33
Let q(x) be the first derivative of -x**4/4 + 2*x**3 - 2*x - 1. Let n be q(6). What is the remainder when 3 is divided by -2 - (-7 + (-6)/n)?
1
Let p(l) = 15*l**2 + 4*l + 3. Calculate the remainder when p(-3) is divided by 32.
30
Let m = -6 + 16. Calculate the remainder when 29 is divided by m.
9
Suppose -4*p = 4*n - 136, -3*n - 4 = 2. Suppose -5*g + p + 69 = 0. Calculate the remainder when g is divided by ((-6)/(-8))/((-1)/(-8)).
3
Let b = 93 + -62. Calculate the remainder when b is divided by 16.
15
Suppose -5*s + 5*f = 0, -f = -5*f. Suppose -5*t + 201 = 3*k, s = -t + 1 + 2. What is the remainder when k is divided by 21?
20
Suppose 4*m - 207 = m. Calculate the remainder when m is divided by 24.
21
Let l = -35 - -52. Suppose 4*s = -5*j + l, 12 = 4*s + 4*j - 4. Calculate the remainder when 9 is divided by s.
0
Let b(h) be the first derivative of -h**4/4 - 8*h**3/3 + h**2 - 2*h + 4. Let k be b(-8). Let u = 36 + k. Calculate the remainder when u is divided by 5.
3
Suppose -4*k = -6*h + h + 37, -h = 2*k - 13. Suppose -t = -35 + h. Suppose 4*f + f - 45 = 0. Calculate the remainder when t is divided by f.
8
Calculate the remainder when (2/(-6) + 0)/((-2)/1062) is divided by 20.
17
Suppose 6 = 3*w + 5*j, -w + j + 5 = 3. Suppose -v + 51 = w*v. What is the remainder when v is divided by 9?
8
Suppose -o + 20 = 4*l, 3*l - l + 4 = 3*o. Suppose -y + 2 = 0, -5*v - l*y + 59 = -84. What is the remainder when 106 is divided by v?
25
Let h be (-6)/4*(4 + -10). Suppose -h*t + 5*t + 72 = 0. What is the remainder when t is divided by 5*(3 + 4/(-2))?
3
Let x be 1*(1 - -1)/(-2). Let n be (x - -7)*(-14)/(-21). Let h(t) = t**3 - 3*t**2 - 2*t + 6. What is the remainder when 26 is divided by h(n)?
12
Suppose 2*v - n + 5 = v, 4*n - 20 = 0. Let o(p) = -p + 11. What is the remainder when 21 is divided by o(v)?
10
Suppose -2*t = -20*t + 252. What is the remainder when 64 is divided by t?
8
Suppose -11*z + 172 = -4. What is the remainder when 158 is divided by z?
14
Let k be (-8)/(-1)*3/6. What is the remainder when 1 is divided by ((-9)/(-12))/3*k?
0
Suppose k - 2*f - 7 = 46, 0 = 4*k - 5*f - 218. Calculate the remainder when k is divided by 15.
12
Let a(h) = -h**3 - 10*h**2 - 10*h - 3. Let l(w) = w**3 - 3*w**2 - 2*w - 1. Let f be l(2). Calculate the remainder when 21 is divided by a(f).
3
Suppose 5*j = 3 + 47. Let c(g) = -5*g**2 - 2*g. Let f be c(-2). Calculate the remainder when 2/3*3 - f is divided by j.
8
Let s(b) = 7*b - 5. What is the remainder when 87 is divided by s(5)?
27
Suppose -g = g - 44. Suppose 4*u - 66 = -2*p, u - g = 4*p + 8. Suppose -3*n + 64 = -4*c + 26, -3*n = c - 28. Calculate the remainder when u is divided by n.
8
Suppose 4*r + 32 = 52. Calculate the remainder when 9 is divided by r.
4
Let s = -79 - -105. Calculate the remainder when s is divided by 10.
6
Suppose -2*i = -5*i + 576. Suppose i = 6*w - 2*w. Calculate the remainder when w is divided by 17.
14
Let s(q) = 14*q**3 - 3*q + 3. Calculate the remainder when 27 is divided by s(1).
13
Let l(w) be the second derivative of w**3/6 + 11*w**2/2 - w. Suppose -d = -5*d + 12. What is the remainder when l(-6) is divided by d?
2
Let a(i) = i**3 + 8*i**2 + 6*i - 7. Let m be ((-1)/(-2))/((-2)/(-48)). Suppose m = 3*k - 5*k. Calculate the remainder when a(k) is divided by 10.
9
Suppose -h - 3*y = 7 - 27, 3*h - 4*y - 8 = 0. What is the remainder when 12 is divided by h?
4
Suppose -2*u - 137 = 5*t + 250, 4*u = 4*t - 816. What is the remainder when u/12*2*-2 is divided by 17?
16
Suppose 2*r + l = 99, 4*l + 1 + 3 = 0. Calculate the remainder when r is divided by 13.
11
Let i(h) = 4*h - 10 + 23 + h - 4*h. Calculate the remainder when 13 is divided by i(-8).
3
Suppose -5*w = -1 - 24. Let c(t) = t**3 - 5*t**2 + 2*t + 7. Calculate the remainder when 50 is divided by c(w).
16
Suppose q + 56 = 3*y, 18*q = -2*y + 23*q + 33. Let c be -9 - (1 - (0 + 3)). What is the remainder when (-383)/(-7) + (-2)/c is divided by y?
17
Suppose 36 = -7*d + 11*d. What is the remainder when 53/2 + 2/(-4) is divided by d?
8
Suppose -2*c - 99 = -0*u - 3*u, -u + 5*c + 20 = 0. Suppose -2*q + 13 + u = 0. Calculate the remainder when 95 is divided by q.
23
Let t = 71 + -54. Calculate the remainder when 64 is divided by t.
13
What is the remainder when 45 is divided by (3/(-3) + 0)*-12?
9
Suppose 1 = -4*x - d + 11, -x - 4*d = 5. What is the remainder when 4 is divided by x?
1
Let s be 2/3 - 485/(-15). Let n be 2/3 - 7/(-3). Suppose n*f + f - 156 = -4*d, f = 2*d + s. Calculate the remainder when f is divided by 19.
18
Let s(l) = -l**3 - 7*l**2 - 7*l - 8. Let b be s(-6). Let y = b - -7. Calculate the remainder when 12 is divided by y.
2
Let y = 45 + -1. Calculate the remainder when 305 is divided by y.
41
Suppose -3*m = -u + 13 + 12, -3*u + m + 59 = 0. Suppose -y - 39 = -4*p, p + 2*y - 6 = 15. Calculate the remainder when u is divided by p.
8
Let j(m) = -m**3 + 7*m**2 - 4*m - 6. Let w be (6/7)/((-3)/(-21)). Calculate the remainder when 10 is divided by j(w).
4
Let k = 52 - 20. What is the remainder when 62 is divided by k?
30
Suppose -2*a + 30 + 0 = 0. Calculate the remainder when -5*2/((36/(-15))/6) is divided by a.
10
Let j = -290 - -422. Calculate the remainder when j is divided by 27.
24
Let v = 11 + -8. Suppose -64 = -2*w - v*k, -5 = k - 3. Suppose -5*q - c + 16 + 75 = 0, -4*q + 67 = -5*c. Calculate the remainder when w is divided by q.
17
What is the remainder when -3*(212/12)/(-1) is divided by 18?
17
Let v(q) = -q - 1. Suppose 5*t + 190 = 5*b, -b + 0*b - 4*t + 28 = 0. What is the remainder when b is divided by v(-14)?
10
Suppose 0 = 2*z - 4*b - 89 - 27, 3*z - 156 = -3*b. Calculate the remainder when z is divided by 8/(-24)*21*-2.
12
Suppose 5*p + o - 23 = 5, 0 = -p - 4*o + 17. Let f = -16 + 35. What is the remainder when f is divided by p?
4
Suppose -5*o + 3*y - 34 = 64, 3*y = -2*o - 35. Let g = 6 - o. What is the remainder when g is divided by 13?
12
Let o(b) = -b**3 + b + 18. Suppose a - 68 = -2*r, -r - 3 = -a - 40. Calculate the remainder when r is divided by o(0).
17
Suppose 0 = d - 2*l - 10, 0*d - 2*d = 3*l - 13. What is the remainder when d is divided by 5?
3
Suppose 4*g + 38 = 162. Calculate the remainder when g is divided by 9.
4
Let y be -2 + (4 - 1 - 6). Let a(o) = o**2 + 4*o. Let c be a(y). Suppose 3*r + 2 = c. What is the remainder when 2 is divided by r?
0
Let r = 15 - 10. Suppose -z + 16 = 2*u, 4*z - 4 = 3*u + r. Suppose 0 = -5*n + c + 81, 2*c + c = -n + 13. Calculate the remainder when n is divided by z.
4
Suppose -3*j + 18 + 3 = 0. Let v = 39 - -37. Suppose -3*t - t = -v. What is the remainder when t is divided by j?
5
Suppose -z + 20 = 3*z, -4*c = 5*z - 45. Suppose 2 = -c*l + 12. Calculate the remainder when 7 is divided by l.
1
Suppose 5*c = 4*c. Suppose c = 4*i + 2*b - 39 - 51, -i = 3*b - 30. Calculate the remainder when i is divided by 12.
9
Let g(d) = -d**2 + 8*d - 4. Suppose -3*p + 11 + 1 = 0. Let z(n) = -n**3 + 8*n**2 - 5*n + 8. Calculate the remainder when z(7) is divided by g(p).
10
Suppose 5*k + 4*d = 0, -4*d + 5*d = 2*k - 13. What is the remainder when 11 is divided by k?
3
Suppose 57*l - 58*l = -11. What is the remainder when (76/6)/(6/9) is divided by l?
8
Let m = -9 + 18. What is the remainder when m is divided by 3?
0
Let n(r) be the third derivative of -r**6/120 + r**5/12 - 2*r**3/3 + 2*r**2. Let u be n(4). What is the remainder when 10 is divided by u/((-6)/(-3 + 0))?
4
What is the remainder when 1*(2 - (-8 - 1)) is divided by 6?
5
Let y(s) = 4*s**2 + 2*s - 1. Suppose 2*r + 2 = 3*r. Suppose r*t + 1 = 2*j + t, -4*j - 3*t + 17 = 0. Calculate the remainder when y(j) is divided by 10.
9
Suppose p - 14 = 5. Calculate the remainder when p is divided by 10.
9
Suppose 2*x + b - 59 - 13 = 0, -3*x - 2*b + 109 = 0. Suppose -17 = -4*z + x. Suppose -5*m + 15 = -165. Calculate t